 887
List the prime factors of 358185535.
5, 71637107
What are the prime factors of 316642123?
7, 1567, 28867
List the prime factors of 313936339.
29, 67, 161573
List the prime factors of 39286026.
2, 3, 13, 191, 293
What are the prime factors of 2742764112?
2, 3, 11, 137, 383
What are the prime factors of 1289028774?
2, 3, 11, 17, 1148867
What are the prime factors of 93166837?
93166837
List the prime factors of 187699401.
3, 20855489
List the prime factors of 16161624.
2, 3, 224467
List the prime factors of 492497623.
492497623
List the prime factors of 165861557.
89, 1863613
What are the prime factors of 116459517?
3, 643, 60373
List the prime factors of 50335193.
4261, 11813
List the prime factors of 171334840.
2, 5, 17, 197, 1279
What are the prime factors of 4546226870?
2, 5, 17, 26742511
List the prime factors of 399881083.
7, 57125869
What are the prime factors of 2557777240?
2, 5, 63944431
List the prime factors of 15133631.
15133631
What are the prime factors of 103694559?
3, 34564853
What are the prime factors of 224558514?
2, 3, 4158491
List the prime factors of 157654016.
2, 13, 911
What are the prime factors of 144945511?
144945511
What are the prime factors of 441640355?
5, 13, 6794467
List the prime factors of 217792286.
2, 37, 313, 9403
List the prime factors of 117557035.
5, 269, 87403
What are the prime factors of 89092459?
1277, 69767
List the prime factors of 3975810488.
2, 13, 38228947
What are the prime factors of 1832471527?
1832471527
List the prime factors of 1474601493.
3, 257, 1912583
List the prime factors of 2761460695.
5, 7, 101, 127, 6151
What are the prime factors of 1830095082?
2, 3, 101671949
List the prime factors of 2148356995.
5, 2131, 201629
List the prime factors of 151178974.
2, 75589487
List the prime factors of 637080146.
2, 19, 1123, 14929
List the prime factors of 237621794.
2, 197, 603101
List the prime factors of 73599910.
2, 5, 1291, 5701
List the prime factors of 179631483.
3, 59877161
List the prime factors of 357122563.
7, 51017509
List the prime factors of 22930537.
7, 1123, 2917
What are the prime factors of 19557826?
2, 9778913
List the prime factors of 89652647.
7, 1621, 7901
What are the prime factors of 14095512?
2, 3, 65257
List the prime factors of 28747013.
31, 927323
List the prime factors of 336347497.
336347497
What are the prime factors of 1083376333?
13, 19, 41, 106979
What are the prime factors of 1197683888?
2, 193, 199, 1949
What are the prime factors of 136750978?
2, 7, 13, 751379
What are the prime factors of 93400213?
29, 887, 3631
What are the prime factors of 60211109?
7, 8601587
What are the prime factors of 137557017?
3, 13, 19, 61879
List the prime factors of 15451290.
2, 3, 5, 89, 643
What are the prime factors of 566008432?
2, 11, 271, 11867
List the prime factors of 70292932.
2, 19, 924907
List the prime factors of 16882420.
2, 5, 844121
List the prime factors of 42843775.
5, 13, 241, 547
List the prime factors of 2140504602.
2, 3, 356750767
List the prime factors of 221797094.
2, 1493, 74279
List the prime factors of 223513144.
2, 17, 211, 7789
List the prime factors of 1724741133.
3, 574913711
List the prime factors of 246175168.
2, 3846487
List the prime factors of 514048048.
2, 173, 185711
What are the prime factors of 588736817?
588736817
What are the prime factors of 61773509?
7, 29, 304303
What are the prime factors of 1322712341?
19, 233, 509, 587
What are the prime factors of 627813115?
5, 41, 43, 67, 1063
What are the prime factors of 945200975?
5, 3907, 9677
List the prime factors of 2385906798.
2, 3, 11, 19, 269, 643
What are the prime factors of 198796071?
3, 66265357
What are the prime factors of 1981539899?
1981539899
What are the prime factors of 6768252224?
2, 7549, 14009
What are the prime factors of 264920227?
11, 13, 467, 3967
List the prime factors of 5409297382.
2, 2704648691
What are the prime factors of 411750436?
2, 2689, 38281
List the prime factors of 329496.
2, 3, 13729
List the prime factors of 164629391.
37, 41, 47, 2309
What are the prime factors of 211804733?
7, 30257819
List the prime factors of 5348714307.
3, 73, 24423353
What are the prime factors of 804213469?
23, 3061, 11423
List the prime factors of 16628675.
5, 7, 95021
List the prime factors of 741519559.
11, 883, 76343
What are the prime factors of 5777844524?
2, 1444461131
List the prime factors of 68545588.
2, 31, 552787
What are the prime factors of 1900742442?
2, 3, 383, 827129
What are the prime factors of 24632814?
2, 3, 4105469
List the prime factors of 67462971.
3, 2389, 9413
What are the prime factors of 218197992?
2, 3, 17, 534799
What are the prime factors of 821850877?
67, 12266431
List the prime factors of 447503772.
2, 3, 37291981
What are the prime factors of 1694521130?
2, 5, 97, 1746929
List the prime factors of 36824971.
661, 55711
List the prime factors of 52360008.
2, 3, 613, 3559
List the prime factors of 1262127936.
2, 3, 6573583
List the prime factors of 96647484.
2, 3, 181, 44497
List the prime factors of 22567638.
2, 3, 449, 8377
List the prime factors of 122859597.
3, 7, 5850457
What are the prime factors of 2618078211?
3, 7, 29, 71, 20183
What are the prime factors of 16381986?
2, 3, 929, 2939
What are the prime factors of 25572578?
2, 113, 113153
List the prime factors of 305069958.
2, 3, 37, 458063
List the prime factors of 2126380289.
11, 193307299
List the prime factors of 764437992.
2, 3, 3461, 9203
What are the prime factors of 1847887995?
3, 5, 2207, 55819
List the prime factors of 512554909.
1187, 431807
What are the prime factors of 1333912247?
359, 673, 5521
List the prime factors of 1574326.
2, 13, 151, 401
What are the prime factors of 166208859?
3, 3559, 5189
List the prime factors of 61311156.
2, 3, 461, 11083
What are the prime factors of 364198673?
2339, 155707
List the prime factors of 121250714.
2, 13, 1987, 2347
List the prime factors of 2610227576.
2, 11, 61, 379, 1283
What are the prime factors of 3590214832?
2, 67, 983, 3407
List the prime factors of 297582269.
89, 509, 6569
List the prime factors of 4006579136.
2, 7, 2593, 3449
What are the prime factors of 44057251?
7, 17, 431, 859
What are the prime factors of 548730353?
43, 12761171
List the prime factors of 268748465.
5, 113, 131, 3631
What are the prime factors of 186559125?
3, 5, 497491
List the prime factors of 5047718579.
5047718579
List the prime factors of 66863831.
19, 89, 39541
What are the prime factors of 221805600?
2, 3, 5, 92419
What are the prime factors of 6921580663?
6921580663
What are the prime factors of 348138533?
29, 73, 164449
What are the prime factors of 5312904?
2, 3, 31, 37, 193
List the prime factors of 4074436.
2, 19, 53611
List the prime factors of 51104.
2, 1597
What are the prime factors of 235812532?
2, 5443, 10831
What are the prime factors of 1715576492?
2, 7, 61270589
List the prime factors of 116861184.
2, 3, 11, 29, 53
What are the prime factors of 229887975?
3, 5, 283, 10831
List the prime factors of 208992735.
3, 5, 7, 101, 6569
List the prime factors of 214001681.
193, 1108817
List the prime factors of 87435882.
2, 3, 149, 10867
What are the prime factors of 1407452578?
2, 7, 151, 95111
List the prime factors of 364706750.
2, 5, 661, 2207
List the prime factors of 794922371.
67, 173, 68581
What are the prime factors of 281478322?
2, 140739161
What are the prime factors of 3261917866?
2, 1630958933
List the prime factors of 42526070.
2, 5, 47, 90481
What are the prime factors of 101596696?
2, 12699587
What are the prime factors of 82864268?
2, 43, 481769
List the prime factors of 52108946.
2, 199, 130927
What are the prime factors of 6731075552?
2, 79, 211, 12619
List the prime factors of 20338999.
3119, 6521
What are the prime factors of 144325497?
3, 1021, 47119
What are the prime factors of 65075172?
2, 3, 409, 13259
List the prime factors of 14896466.
2, 13, 572941
What are the prime factors of 11275577?
29, 388813
List the prime factors of 377422058.
2, 13, 14516233
What are the prime factors of 1651687735?
5, 7591, 43517
What are the prime factors of 23274441?
3, 401, 6449
List the prime factors of 192792211.
192792211
What are the prime factors of 91955433?
3, 29, 1056959
What are the prime factors of 654112075?
5, 26164483